Calculate the highest common divisor of 102 and 238.
34
Calculate the greatest common factor of 5301 and 279.
279
Calculate the highest common factor of 763 and 7.
7
What is the greatest common divisor of 595 and 323?
17
What is the highest common divisor of 20 and 320?
20
What is the highest common divisor of 184 and 4462?
46
What is the highest common factor of 341 and 124?
31
What is the greatest common divisor of 13 and 52?
13
What is the highest common factor of 301 and 14?
7
Calculate the highest common divisor of 2788 and 136.
68
Calculate the greatest common factor of 85 and 625.
5
What is the greatest common factor of 3707 and 121?
11
Calculate the highest common divisor of 8 and 392.
8
Calculate the highest common divisor of 14648 and 32.
8
What is the highest common divisor of 325 and 450?
25
Calculate the greatest common divisor of 35 and 203.
7
Calculate the greatest common factor of 128 and 64.
64
Calculate the highest common divisor of 1188 and 220.
44
What is the highest common divisor of 133 and 247?
19
Calculate the highest common divisor of 3794 and 182.
14
Calculate the greatest common divisor of 1385 and 10.
5
Calculate the highest common factor of 9 and 27.
9
What is the highest common divisor of 112 and 1616?
16
Calculate the greatest common factor of 48 and 6168.
24
What is the greatest common divisor of 295 and 531?
59
Calculate the greatest common divisor of 4 and 4.
4
What is the greatest common divisor of 12 and 162?
6
Calculate the highest common divisor of 36 and 972.
36
What is the greatest common divisor of 592 and 320?
16
What is the highest common divisor of 10437 and 213?
213
Calculate the greatest common divisor of 450 and 1200.
150
What is the greatest common factor of 45 and 5?
5
What is the greatest common divisor of 3078 and 114?
114
Calculate the highest common factor of 984 and 8.
8
What is the highest common factor of 668 and 8?
4
Calculate the highest common factor of 102 and 238.
34
Calculate the greatest common factor of 13823 and 92.
23
Calculate the greatest common divisor of 77 and 297.
11
Calculate the greatest common divisor of 90 and 1476.
18
Calculate the highest common factor of 946 and 198.
22
What is the highest common divisor of 2482 and 34?
34
What is the greatest common factor of 37477 and 11?
11
What is the highest common divisor of 2209 and 47?
47
What is the greatest common divisor of 23 and 54947?
23
What is the highest common factor of 2324 and 56?
28
What is the greatest common factor of 20 and 20420?
20
What is the highest common factor of 340 and 204?
68
Calculate the greatest common divisor of 11390 and 170.
170
What is the highest common divisor of 612 and 198?
18
Calculate the highest common factor of 24 and 951.
3
Calculate the highest common divisor of 72 and 468.
36
What is the greatest common divisor of 15 and 2625?
15
Calculate the highest common factor of 160 and 130.
10
What is the highest common divisor of 221 and 51?
17
What is the greatest common factor of 2993 and 41?
41
Calculate the greatest common divisor of 89 and 2759.
89
What is the greatest common factor of 690 and 27?
3
What is the greatest common factor of 104 and 40?
8
Calculate the greatest common divisor of 7581 and 14.
7
What is the greatest common factor of 73 and 91177?
73
What is the highest common divisor of 52 and 2938?
26
What is the greatest common divisor of 9702 and 99?
99
What is the highest common factor of 4321 and 145?
29
Calculate the highest common factor of 122 and 610.
122
Calculate the greatest common factor of 161 and 7.
7
What is the highest common factor of 29 and 5771?
29
Calculate the greatest common divisor of 452 and 113.
113
Calculate the greatest common divisor of 32 and 5408.
32
Calculate the highest common divisor of 109 and 327.
109
What is the highest common factor of 14 and 28?
14
What is the greatest common factor of 252 and 399?
21
Calculate the highest common factor of 112 and 686.
14
Calculate the highest common factor of 108 and 22464.
108
Calculate the greatest common factor of 2 and 146.
2
Calculate the greatest common divisor of 17 and 731.
17
What is the highest common divisor of 659 and 1?
1
What is the highest common factor of 16 and 208?
16
What is the highest common factor of 1859 and 3211?
169
Calculate the highest common divisor of 4 and 1408.
4
Calculate the highest common divisor of 54 and 84.
6
Calculate the highest common divisor of 495 and 55.
55
Calculate the highest common factor of 7 and 27419.
7
What is the highest common factor of 1239 and 4071?
177
Calculate the greatest common factor of 301 and 473.
43
Calculate the highest common factor of 48 and 1712.
16
Calculate the greatest common divisor of 100 and 21440.
20
What is the highest common factor of 14 and 1792?
14
Calculate the greatest common divisor of 320 and 64.
64
What is the highest common factor of 2235 and 735?
15
What is the highest common divisor of 36 and 318?
6
What is the greatest common divisor of 120 and 840?
120
Calculate the greatest common divisor of 56 and 5992.
56
Calculate the greatest common divisor of 228 and 2850.
114
What is the highest common divisor of 42 and 18?
6
Calculate the highest common factor of 648 and 3159.
81
What is the greatest common factor of 2630 and 10?
10
What is the highest common divisor of 133 and 456?
19
What is the highest common factor of 35 and 1260?
35
Calculate the greatest common factor of 4384 and 224.
32
What is the highest common divisor of 465 and 15?
15
What is the highest common divisor of 592 and 814?
74
What is the highest common divisor of 588 and 24?
12
Calculate the highest common divisor of 395 and 15.
5
What is the greatest common factor of 10 and 298?
2
Calculate the highest common factor of 9 and 7.
1
Calculate the highest common factor of 1348 and 4.
4
What is the greatest common divisor of 78 and 3640?
26
Calculate the highest common divisor of 6 and 93.
3
Calculate the highest common divisor of 510 and 51.
51
What is the greatest common factor of 190 and 95?
95
What is the highest common divisor of 281 and 1?
1
Calculate the greatest common divisor of 342 and 95.
19
What is the greatest common factor of 31 and 31217?
31
What is the highest common divisor of 126 and 36?
18
What is the greatest common divisor of 2940 and 60?
60
Calculate the greatest common divisor of 185 and 444.
37
What is the highest common factor of 132 and 165?
33
What is the highest common divisor of 63 and 35?
7
What is the greatest common divisor of 624 and 156?
156
What is the highest common factor of 76 and 7?
1
What is the greatest common divisor of 1 and 8?
1
Calculate the greatest common factor of 180 and 108.
36
Calculate the greatest common divisor of 280 and 1000.
40
Calculate the highest common factor of 12250 and 125.
125
Calculate the greatest common factor of 82 and 164.
82
Calculate the highest common divisor of 100 and 1300.
100
Calculate the highest common divisor of 264 and 4.
4
Calculate the greatest common factor of 27 and 26577.
9
What is the greatest common factor of 1573 and 286?
143
What is the highest common factor of 21 and 336?
21
Calculate the greatest common factor of 572 and 2431.
143
Calculate the highest common factor of 45 and 4365.
45
What is the highest common factor of 444 and 3663?
111
What is the greatest common factor of 1534 and 472?
118
Calculate the greatest common divisor of 23 and 3657.
23
Calculate the highest common divisor of 56 and 14.
14
What is the highest common divisor of 11 and 473?
11
What is the highest common factor of 13 and 65?
13
Calculate the highest common divisor of 304 and 208.
16
Calculate the highest common factor of 84 and 32.
4
Calculate the highest common factor of 36 and 522.
18
What is the highest common factor of 777 and 37?
37
Calculate the greatest common factor of 1700 and 204.
68
What is the greatest common factor of 21 and 1029?
21
Calculate the greatest common factor of 39 and 1053.
39
What is the highest common divisor of 12 and 84?
12
What is the greatest common factor of 6425 and 25?
25
Calculate the highest common factor of 5877 and 18.
9
What is the greatest common divisor of 6294 and 6?
6
Calculate the highest common divisor of 260 and 40.
20
Calculate the greate